what is 154d69 - 10?
154d59
In base 11, what is -762 + 1a66?
1304
In base 11, what is -17a5285 - 24?
-17a52a9
In base 8, what is -33 + 122020363?
122020330
In base 6, what is 20114532 + -1350?
20113142
In base 15, what is 201 - -d1757?
d1958
In base 3, what is 12111 - 1111121102100?
-1111121012212
In base 4, what is -122320330102 - 103?
-122320330211
In base 11, what is 32823 - -47?
3286a
In base 16, what is 248c + 26e4?
4b70
In base 5, what is -1042 + 1430240413?
1430234321
In base 3, what is -2221110210202121 - 11?
-2221110210202202
In base 4, what is 1020202303 + -12?
1020202231
In base 16, what is 54076 - 40?
54036
In base 11, what is 395 + 1541?
1926
In base 9, what is 30471 - -1178?
31660
In base 15, what is 2 - 9d2d00c?
-9d2d00a
In base 12, what is 69b981 - -b?
69b990
In base 16, what is -3d75 + 4628?
8b3
In base 14, what is -321a82 - -a?
-321a76
In base 7, what is -34 + -46026536?
-46026603
In base 10, what is -4289 - -8699?
4410
In base 16, what is -2e - -108c15?
108be7
In base 9, what is 263155 - -85?
263251
In base 8, what is 73 + -777567?
-777474
In base 2, what is 111 - 111101010110101011?
-111101010110100100
In base 5, what is -304133 + -111442?
-421130
In base 4, what is -2132213132230 - 10?
-2132213132300
In base 11, what is 74 + 34aa99?
350062
In base 6, what is -2051145020 + -1?
-2051145021
In base 10, what is 485672 + -68?
485604
In base 8, what is 3116612 + -630?
3115762
In base 9, what is 13 + 3643754?
3643767
In base 13, what is 2 - -27a919?
27a91b
In base 7, what is 2 + 51012416?
51012421
In base 12, what is -79a0478 + -2?
-79a047a
In base 11, what is 3 - 132282?
-13227a
In base 2, what is 1000000111100110010111 + -1010?
1000000111100110001101
In base 10, what is 331509 - 65?
331444
In base 11, what is -11147 + -2133?
-1327a
In base 8, what is 44771 + 1262?
46253
In base 7, what is 100 - 1231142?
-1231042
In base 16, what is 1dbf8b - -1e?
1dbfa9
In base 7, what is -1 - 351531466?
-351531500
In base 3, what is -10 - 20211020101111000?
-20211020101111010
In base 14, what is -496 + 52c27?
52771
In base 2, what is -100010001101000000100 - 11?
-100010001101000000111
In base 3, what is 12 + 1222001102022221?
1222001102100010
In base 13, what is 3 - 3812a64?
-3812a61
In base 16, what is 5a89f - 134?
5a76b
In base 16, what is 1732 + -1804?
-d2
In base 10, what is -374349 + -38?
-374387
In base 3, what is -122112222212211 - -10112?
-122112222202022
In base 14, what is -3 - -6493bb2?
6493bad
In base 5, what is -131 - -43140142?
43140011
In base 7, what is -2 - -333455512?
333455510
In base 14, what is -16d541 + 2?
-16d53d
In base 14, what is 3d + -494876?
-494837
In base 13, what is -3 - -b734784?
b734781
In base 13, what is 2085 - 376?
1a0c
In base 7, what is 3 - -12031610?
12031613
In base 8, what is -11 + -5676137?
-5676150
In base 6, what is 150211300 - 10?
150211250
In base 8, what is -376720 - -13?
-376705
In base 3, what is 202121 - 122012122?
-121110001
In base 12, what is -46 + -33baab0?
-33bab36
In base 2, what is -111010010101110000 - 100111100110?
-111010111101010110
In base 15, what is -a33c8 - c?
-a33d5
In base 16, what is 2b0a + -2df?
282b
In base 9, what is -70616703 - 2?
-70616705
In base 15, what is 1b71d - 906?
1ad17
In base 9, what is -2 - 16035084?
-16035086
In base 13, what is -2 - -6256ca4?
6256ca2
In base 7, what is 6001 + -31445?
-22444
In base 14, what is -68 + 455da4?
455d3a
In base 3, what is 12211 - 2020110010221?
-2020102221010
In base 16, what is -13dbe70 - -2?
-13dbe6e
In base 15, what is -1944192c + 3?
-19441929
In base 12, what is -1093 - -3b4ba?
3a427
In base 9, what is 40152473 - -1?
40152474
In base 10, what is 11 + -19932240?
-19932229
In base 4, what is 202200211 - 3121?
202131030
In base 15, what is -c32 - 59b?
-12cd
In base 4, what is -20 - 32100223201?
-32100223221
In base 9, what is -5 - -150847784?
150847778
In base 10, what is 5816 + -1646?
4170
In base 8, what is -271 + -400753?
-401244
In base 7, what is 2 - 5600105?
-5600103
In base 11, what is 6 + 3aa539?
3aa544
In base 5, what is 2433022444 - 34?
2433022410
In base 2, what is -1101011001011100 + -1101110111111?
-1111001000011011
In base 5, what is -11111034424 - 30?
-11111040004
In base 15, what is a9a - -19d?
c48
In base 4, what is -313031 - 23303313?
-30223010
In base 8, what is -20371454 - 105?
-20371561
In base 2, what is 10 + 110000111110010010101011?
110000111110010010101101
In base 2, what is -11111110001001011101101 + 1?
-11111110001001011101100
In base 15, what is -1 + -1e97683?
-1e97684
In base 11, what is aa9562 + -177?
aa9396
In base 6, what is -1204 - -435315?
434111
In base 7, what is 16461414 + 22?
16461436
In base 6, what is 4 + -145351423?
-145351415
In base 3, what is -20112121200 + 1020100?
-20111101100
In base 2, what is -11 - 10101001001110011010?
-10101001001110011101
In base 10, what is 46 + 16904124?
16904170
In base 9, what is -12205014 + 2?
-12205012
In base 14, what is -21 + -838a8?
-838c9
In base 15, what is 3c + -49065?
-49028
In base 6, what is 5531 - -125044?
135015
In base 5, what is 320014031 - 44?
320013432
In base 7, what is -1655 + 106?
-1546
In base 2, what is -1110010100001011 - 10010100?
-1110010110011111
In base 5, what is -2 + -1001243103122?
-1001243103124
In base 5, what is -10122024040224 + 1?
-10122024040223
In base 6, what is 420 - -12530530?
12531350
In base 12, what is 29a759a - -1?
29a759b
In base 16, what is -11 - ac56f9?
-ac570a
In base 5, what is -1323 - 12440?
-14313
In base 10, what is 97 - 2127878?
-2127781
In base 10, what is 118357956 + 4?
118357960
In base 13, what is 222cbc69 - 2?
222cbc67
In base 13, what is -3 + -37904c92?
-37904c95
In base 5, what is -40311044 - -121?
-40310423
In base 16, what is -3 - -1ee1108?
1ee1105
In base 11, what is -7898286a - -4?
-78982866
In base 14, what is -3653649 + 1?
-3653648
In base 16, what is -4 - -199508?
199504
In base 10, what is 4 - 1900218?
-1900214
In base 4, what is -101331 - -131020?
23023
In base 13, what is -1b76197 + 6?
-1b76191
In base 11, what is 1 + -3312444?
-3312443
In base 16, what is -6b73d - 4?
-6b741
In base 8, what is -2443010102 - -5?
-2443010075
In base 16, what is 64cf89 - 1b?
64cf6e
In base 11, what is -5a - 72661a?
-726679
In base 9, what is 21108 + -857?
20141
In base 2, what is -1101000010111101001 + 101?
-1101000010111100100
In base 9, what is -380 - 2488026?
-2488416
In base 9, what is 1 - 28644330?
-28644328
In base 5, what is -201411 - -140130?
-11231
In base 8, what is 15232412 + -3?
15232407
In base 5, what is 320440402 + -3?
320440344
In base 11, what is -5758 - 1a7a?
-7727
In base 10, what is 15833168 - 4?
15833164
In base 10, what is 65353 + -93?
65260
In base 5, what is -2041344 - -11021?
-2030323
In base 13, what is 161a5a + 10?
161a6a
In base 14, what is 218b + -120?
206b
In base 12, what is 1ab3027b + -2?
1ab30279
In base 3, what is 10121201020221 - -21?
10121201021012
In base 16, what is -3 + -273c28?
-273c2b
In base 6, what is -151215 - -3530?
-143245
In base 5, what is 10423214 - -1003?
10424222
In base 6, what is -1 + -1202314500?
-1202314501
In base 9, what is -58524 + -14?
-58538
In base 10, what is 915 + 183218?
184133
In base 4, what is 132 - 12213312330?
-12213312132
In base 14, what is 24d6 + 8397?
a88d
In base 2, what is 10 + 11110110010101000011010001?
11110110010101000011010011
In base 11, what is -17 - -20422a0?
2042284
In base 7, what is 11 - 253646213?
-253646202
In base 12, what is -96b8 - -2555?
-7163
In base 10, what is -3551 - 136053?
-139604
In base 6, what is -124241 + -220040?
-344321
In base 9, what is 300784 - 34?
300750
In base 3, what is 110210120200120011 + -12?
110210120200112222
In base 15, what is 2 + 1d38019?
1d3801b
In base 5, what is 142101230 + -14?
142101211
In base 11, what is 1197 - -2882?
3a69
In base 9, what is -254422 + -4178?
-258611
In base 12, what is 36 + -158903?
-158889
In base 11, what is -43870 - -222?
-43649
In base 13, what is -282 + 178aa?
17628
In base 14, what is -3800d + d96?
-37057
In base 13, what is -b1b6394 - -3?
-b1b6391
In base 9, what is 154 + 15880?
16144
In base 2, what is -100 - -10001011100111111100111?
10001011100111111100011
In base 12, what is -4 - 3b4751?
-3b4755
In base 2, what is 1100110100010 + 11111101010?
100001100011